ose -418 = -6*g - 88. Let q = g + -49. Let z(s) = 2*s**2 + 5*s - 5. What is the units digit of z(q)?
7
What is the thousands digit of -17 - -27 - (-3 + -12181)?
2
Let a(y) = y - 16. Let n be a(18). Let b(r) = 3 - r - 3*r + 6*r - 1 + n*r**2. What is the tens digit of b(4)?
4
Suppose 1020 = -2*c + 3*c - 3*o, 0 = -2*c + 4*o + 2042. Let z = -7 + 17. Suppose -5*g - 4*w = -c, g + 3*w - 208 = -z. What is the tens digit of g?
0
Let b(x) = -50*x**3 + 2*x**2 - x - 2. Let o be b(-1). Let c(y) = 1 - 35*y - o*y - 1 + 5. What is the tens digit of c(-2)?
7
Let s = 773 + -241. Suppose -3*b = n - s, 4*n + 61 = 3*b - 496. Suppose 0 = -3*g + 178 + b. What is the tens digit of g?
1
Suppose -19 + 19 = -4*m. Suppose m = -u + 3*u - 272. What is the units digit of u?
6
What is the tens digit of (-7 - -16 - 518)/((-2)/22)?
9
Let k = 77 - 72. Suppose 4*n + 5 + 3 = k*q, 5*q - 5*n = 10. Suppose -j + 91 + 44 = q. What is the hundreds digit of j?
1
Let o(s) = -28*s**2 - 67*s + 234. Let v(q) = 10*q**2 + 22*q - 78. Let p(j) = -3*o(j) - 8*v(j). What is the units digit of p(10)?
2
Suppose -3*w + 17 - 155 = 0. Let k = -38 - w. Suppose d - k - 71 = 0. What is the units digit of d?
9
Suppose 4*x = -h + 10917, -25*h + 10909 = -24*h + 2*x. What is the units digit of h?
1
Let d(n) = -16*n**2 + 521*n + 2. What is the thousands digit of d(9)?
3
Let n(u) = 2*u**2 - 10. Let q be n(3). Suppose 0 = 2*g - q*g - 2028. Let h = 567 + g. What is the hundreds digit of h?
2
What is the hundreds digit of -610*(7 - 10) + 3 + -3 + 2?
8
Let c = -2657 - -7667. Suppose -2*j - c = -12*j. Suppose -955 = -7*v + j. What is the tens digit of v?
0
Let l = 285 + 8097. Let h be l/54 - 6/27. Suppose -141*b + 140*b = -h. What is the units digit of b?
5
Suppose -2*k = 2*y - 586, -y + 820 = 819. What is the hundreds digit of k?
2
Suppose -k - 61813 = -5*h, 3*h = -9*k + 3*k + 37068. What is the thousands digit of h?
2
Let z(s) = s**3 + 18*s**2 + 45*s + 11. Let k be (0 - -35)*(-4)/(-40)*-4. What is the tens digit of z(k)?
6
Suppose 45437 = s + 3*d, 240*d - 227229 = -5*s + 236*d. What is the thousands digit of s?
5
Let h be 35/21 - (-2 - (-8)/3). What is the hundreds digit of h/((4 - -3)/4627)?
6
Let f = 131 - 127. Suppose f*v - 982 - 194 = -5*z, -3*z = -5*v - 676. What is the units digit of z?
2
Let m(l) = -l**2 - 18*l + 127. Suppose -779 = -20*o + 61*o. What is the units digit of m(o)?
8
Let f(n) = n**2 - 9*n + 65. Let y be f(21). Let t = 542 - y. What is the hundreds digit of t?
2
Let p = -11 + -6. Let u(l) = -19*l - 74. Let o(f) = 9*f + 37. Let q(c) = -7*o(c) - 3*u(c). What is the units digit of q(p)?
5
Let r(g) = g**2 + 18*g + 15. Let n(u) = -17*u**3 + u**2 + u - 2. Let h be n(1). Let b be r(h). What is the units digit of (-12)/8*-10 - b?
7
Suppose 463359 = 12*v + 9*v + 91533. What is the tens digit of v?
0
Let k(c) = -3*c + 742. Let i(q) = -q + 1. Let t(r) = -14*i(r) + 2*k(r). What is the thousands digit of t(0)?
1
Let m = 258787 + -182894. What is the tens digit of m?
9
Suppose -56 = 5*m + 3*v, 4*m - v = -4*v - 46. Let a(g) = 479 + g**3 - 10*g**2 - 484 + 23*g**2 + 11*g. What is the units digit of a(m)?
5
Suppose -2*z = 2, 0*t + 5*t + 116 = -z. Let k = t - -14. What is the tens digit of 12/k*39/(-2)?
2
Let v = 273 - 269. Let y(w) = 238*w + 169. What is the tens digit of y(v)?
2
Let c = -10898 - -17432. What is the units digit of c?
4
Let d = 14695 - -4928. What is the ten thousands digit of d?
1
Let i = -107 - -178. Suppose 0 = -d - 4 + i. What is the units digit of d?
7
Suppose -4*t + 3*k + 41088 = 0, 0 = -76*t + 74*t - 4*k + 20566. What is the units digit of t?
5
Suppose 0 = -339*f + 332*f + 52311. What is the thousands digit of f?
7
Let l(y) = 34 + 3*y - 16*y - 73 + 41 + 40*y**2. What is the hundreds digit of l(3)?
3
Let t = -5434 - -18854. What is the thousands digit of t?
3
Let h = 1103 - 716. What is the hundreds digit of (-42)/(-18)*h - -1?
9
Let q be -7*(-14)/(-147)*-6. Suppose 0 = q*g + 2*m - 1118, -5*m + 172 + 103 = g. What is the hundreds digit of g?
2
Let r(j) = -j**2 + 11*j - 40. Let l be r(7). Let g(v) = -v**2 - 34*v - 204. What is the units digit of g(l)?
0
Suppose 0 = -3*j - 26 - 28. Let x(g) = -g**2 - 20*g - 22. Let a be x(j). Suppose -a*b = -16*b + 156. What is the tens digit of b?
7
Let j(g) = -4*g**3 - 27*g**2 + 24*g + 432. What is the thousands digit of j(-16)?
9
Suppose 3*y = 5*y - 4884. Let i = -6 - y. What is the tens digit of (2/2 - 1) + i/(-12)?
0
Let w(u) = u**2 - 8*u - 3. Let l = -51 + 59. Let r be w(l). What is the units digit of (-620)/(-30) - 4/r?
2
Let i(u) = u - 5. Let k = 31 - 27. Let h be i(k). What is the tens digit of ((-1)/2)/(h/46)?
2
Let w(s) be the first derivative of s**5/30 + 5*s**4/8 + 29*s**3/6 - 29*s**2/2 - 4. Let b(r) be the second derivative of w(r). What is the tens digit of b(-9)?
5
Let h(w) = w**2 + 13*w - 15. Let d be h(-15). Suppose d*u - 3224 = 2*u. What is the hundreds digit of u?
2
Let i(f) = f**2 + 6*f - 3. Let v be i(-6). What is the tens digit of (-4 - 14/v)*777/2?
5
Suppose 5*h = -4*s + 7, -3 = -0*h - 3*h - 3*s. Let o = -1 + h. Suppose 275 = 5*k + y, o*k + 12 = 3*y + 105. What is the tens digit of k?
5
Suppose -3*a = -131 - 34. Let b(l) = -l**3 - 4*l**2 - l + 8. Let s be b(-2). What is the units digit of 5/((-75)/a)*(-6)/s?
1
Let a(b) be the first derivative of 16*b**3 - 70*b + 6. What is the tens digit of a(-6)?
5
Suppose -8 = -4*c, -5*c - 6100 - 14865 = -5*m. What is the thousands digit of m?
4
Let k(f) be the first derivative of -f**2/2 + 26*f + 13. Let i be k(6). Suppose 5*j = -i, 0 = b + 4*b + j - 616. What is the tens digit of b?
2
Suppose 0 = 52*t - 49*t - 84. Suppose s + s = -4*c + 142, -c + s + t = 0. Suppose 12 = 5*x - c. What is the units digit of x?
9
Suppose 5*v + 5*h = 45695, 0 = -3*v + 4*h - 9*h + 27421. What is the tens digit of v?
3
Let q(o) = 2*o**3 + 7*o**2 - 4*o + 9. Let j be q(-6). Let h be 92/(-6)*j/56*4. Let m = h + -64. What is the units digit of m?
7
Let g = 10453 - 4399. What is the thousands digit of g?
6
Suppose 29521 = 4*k + m, 25*m - 22*m = k - 7364. What is the thousands digit of k?
7
Suppose 4*u + 8 = -104. What is the units digit of 63/((27 + u)*(-1 + 0))?
3
Let r = 13 + -10. Suppose -r*l + l = -254. Suppose 4*z - l = -4*d - 31, 5*d - 3*z - 104 = 0. What is the tens digit of d?
2
What is the hundreds digit of (22/(-8))/(136/(-2116704))?
8
Let g be (336/60 + -5)*(-26 + 1). Let j(b) = -2*b - 16*b**2 + 2 - 20*b + 5 + 5*b - b**3. What is the tens digit of j(g)?
3
Suppose -3*n = 4*i + 8, 7*n - 23 = 5*n + 3*i. Suppose -n*t + 1480 = 3*q, -7*q - 726 = -2*t - 5*q. What is the units digit of t?
7
Suppose -5*m + 4*z + 34 = -72, 5*m = 3*z + 102. What is the tens digit of 24/(-216) + 19550/m?
8
Let w be 2218 + (-10)/(-4)*(-12)/30. Suppose 28*y - 6221 = -w. What is the tens digit of y?
4
Let n = -43928 + 44837. What is the hundreds digit of n?
9
Let k = 33740 + -22815. Suppose 6*w + 1937 = k. Suppose 7*v - w = -189. What is the hundreds digit of v?
1
Let k(i) be the second derivative of -i**3/6 - i**2/2 - 43*i. Let m(o) = o**2 - o - 7. Let w be m(0). What is the units digit of k(w)?
6
Suppose -925368 = -42*v + 865280 - 660344. What is the hundreds digit of v?
9
Let w be 335/(-35) + (-6)/14. Let c = -222 - -341. What is the units digit of w/65 + c/13?
9
Suppose g - 112 - 17 = 0. Let t = g + -84. Let a = t - 36. What is the units digit of a?
9
Let t be (2 + 2 + -7)*252/(-27). Suppose 0 = 2*p - t*g + 24*g - 738, 0 = 2*p - 3*g - 739. What is the units digit of p?
1
What is the tens digit of 41 + 974418/30 + (-16)/10?
2
Suppose 0 = x - v + 6, 7*x - 5*v + 20 = 3*x. What is the hundreds digit of (-7 + (-75)/x)*314?
1
Suppose r + 2*a - 36272 = 26238, -5*r + 2*a + 312562 = 0. What is the ten thousands digit of r?
6
What is the hundreds digit of -2329*(-13 + 8 + 2)?
9
Let o = 5146 + -1234. What is the thousands digit of o?
3
Let p be (-6)/(-9) + 0 + 2353/3. What is the tens digit of 34/68*(p - 1)?
9
Let t = -400 - -429. What is the tens digit of 12*(t + 0) - -3?
5
Suppose 0 = 2*f + x - 11, -10 = -2*f - 2*x + 6. Suppose -4 - f = -b. Let y = 54 + b. What is the units digit of y?
1
Suppose -56 = 312*a - 316*a. Suppose -a*c = 659 - 10753. What is the units digit of c?
1
Let o = -679 - -173. Let l = o + 836. What is the units digit of l?
0
Le